en c is divided by 3.
2
Let m = -2 - -1. What is the remainder when 11 is divided by (m/3)/((-2)/24)?
3
Let a = -61 - -95. What is the remainder when a is divided by 14?
6
Let w = -194 - -117. Let k = w - -126. Suppose 4*n - k = -17. What is the remainder when 14 is divided by n?
6
Let j be -2 + -1 - (2 - 5). Suppose j = -2*u - 8 + 52. Calculate the remainder when 63 is divided by u.
19
Let n = 100 - 48. What is the remainder when 101 is divided by n?
49
Suppose 0*i = 4*s + 3*i - 493, -2*s + 230 = -4*i. Suppose -4 = -d + s. Suppose -6*l = -l - d. What is the remainder when l is divided by 14?
11
Let y(x) = 95*x**2. What is the remainder when y(-1) is divided by 24?
23
Suppose n + 2*o = 0, 4*o - 10 = 3*n - 0*n. Let l(y) = y**2 - y - 2. What is the remainder when 4 is divided by l(n)?
0
What is the remainder when (3 + 0)/(-6)*-2*11 is divided by 4?
3
Suppose -2*k + 5*b = -69, 5*k = 2*b - 0*b + 225. What is the remainder when k is divided by 16?
15
Let n = 42 + -13. What is the remainder when n is divided by 8?
5
Suppose -11*i - 150 = -14*i. Let j(q) = -2*q**3 - 3*q**2 + 2*q - 4. Calculate the remainder when i is divided by j(-3).
16
Let u = 22 - -8. What is the remainder when 117 is divided by u?
27
Let t(j) = j - 2. Let z be t(4). Suppose -z*o = -5*o + 6. Suppose -6*q + 52 = -o*q. Calculate the remainder when 37 is divided by q.
11
Suppose 0*y + 47 = y. Suppose -15 = -3*f + 21. What is the remainder when y is divided by f?
11
Suppose -4*v = 3*m - 221, -v + 3*m + 63 = 4. Let l = -37 + v. Calculate the remainder when l is divided by (30/8)/(9/24).
9
Let p be 3 - (2 - 3)*-1. Calculate the remainder when -6*(-6)/9*p is divided by 5.
3
Let d(o) = o**2 - 10 + 2 + 6 - 1 - 2*o. What is the remainder when d(-4) is divided by 12?
9
Suppose -2*d + 4*f + 44 = 0, f = 2*d - 39 + 1. Suppose -5*h - 6*i + 2*i + 162 = 0, 5*i - 160 = -5*h. Calculate the remainder when h is divided by d.
16
Suppose -b + 36 = -23. What is the remainder when b is divided by 20?
19
Let t = 0 + 2. Suppose -3*p = -2*a - 4*p + 2, -t*a + 14 = -5*p. Calculate the remainder when 4 is divided by a.
0
Suppose 4*l - 4*w = 4, 3*l - 5*l + 6 = -4*w. Calculate the remainder when 7 + 2 - l*1 is divided by 4.
2
Suppose -6 = 4*w - 46. Calculate the remainder when 58 is divided by w.
8
Suppose -5*t + 4*s = -1, -2*s = -6*s + 4. Let u(a) = 3*a**2. Suppose 0 = 2*c - 2*k - 4, -5 + 1 = 4*k. What is the remainder when u(c) is divided by t?
0
Let w(a) = 3*a - 13. Calculate the remainder when w(8) is divided by 4.
3
What is the remainder when 34 is divided by 164/9 + 2/(-9)?
16
Let u = -16 + 18. Suppose 0 = i + 3*i + 3*k - 81, -u*i + 3*k + 63 = 0. What is the remainder when i is divided by 9?
6
Let w(y) be the second derivative of -y**5/20 + 7*y**4/12 + 5*y**3/6 - 9*y**2/2 + 3*y. Calculate the remainder when w(7) is divided by 9.
8
Suppose -43 - 67 = -2*o. Calculate the remainder when o is divided by 19.
17
Suppose 3*o = 98 - 20. What is the remainder when o is divided by 9?
8
Let s = -23 - -38. What is the remainder when 41 is divided by s?
11
Calculate the remainder when 39 - (-11 + 10)/(1/2) is divided by 7.
6
Suppose -5 = -a + 21. Calculate the remainder when a is divided by 14.
12
Let g(u) = u**2 - 4*u + 9. Calculate the remainder when 118 is divided by g(7).
28
Let k be 22/10 + 3/(-15). Suppose -4 = -b - 2, 5*l + 61 = -k*b. Let c = 21 + l. Calculate the remainder when c is divided by 5.
3
Let v(r) = -r**2 + 12*r - 13. Let z be v(10). Suppose o - z = 5. Calculate the remainder when o is divided by 5.
2
Let g = 83 - 183. Let x be (1/(-1))/(4/g). Suppose 5*b - 42 = -5*w + 53, -5*b = -3*w + x. Calculate the remainder when w is divided by 8.
7
Let a(d) = -d**2 + 9*d. What is the remainder when 31 is divided by a(8)?
7
Let i = 18 - 1. What is the remainder when 50 is divided by i?
16
Suppose -4 = s - 3*r, -2*r = 3*s - 2 - 41. What is the remainder when 41 is divided by s?
8
What is the remainder when 73 is divided by -20*10*(-1)/8?
23
Suppose -6 = -o + 5*n + 6, 5*o + 5*n = 0. Suppose 0 = -2*l - 3*g - o*g + 51, 145 = 5*l - 5*g. Calculate the remainder when 83 is divided by l.
27
Let y(t) = t**3 + 1. Let k(g) = g - 1. Let w be k(3). What is the remainder when y(1) is divided by ((-1 - 2) + w)*-2?
0
Suppose -2*k = -5*k. Let s be 13 - (1 + k - 0). Suppose s = -3*y, 2*b = 3*b + 5*y + 1. What is the remainder when 36 is divided by b?
17
Suppose 5*p - 140 = 2*w, 4*p + p + 5*w - 175 = 0. Let f = p + -16. Calculate the remainder when 41 is divided by f.
13
Let b(p) = p**2 + 6*p + 5. Let r be b(-8). Suppose -r = -5*g + i, -2*g + 5*g = 2*i + 7. What is the remainder when 13 is divided by g?
3
Let n = 10 - 8. Suppose n*c - 73 = c. What is the remainder when c is divided by 25?
23
Suppose k - 206 = -k. Suppose -k + 13 = 5*p. Calculate the remainder when (-8)/(-36) + (-608)/p is divided by 12.
10
What is the remainder when -10*(-39)/6 - 3 is divided by 16?
14
Suppose -1 = v - 0*v. Let t = 6 - 14. Calculate the remainder when 10 is divided by (-50)/t - v/(-4).
4
Suppose 0 = -27*m + 22*m + 320. What is the remainder when m is divided by 11?
9
Let j be (44/6)/((-2)/3). Let a = j - -16. What is the remainder when 9 is divided by a?
4
Let u(r) = 3*r**2 - r + 2. Let q(d) = -d**3 - d**2 + 2*d + 2. Let y be (-20)/6 + 2/6. Calculate the remainder when u(3) is divided by q(y).
12
Suppose 4*b - 78 = -2*g, -b = 3*g - 0 - 12. Let w be 3/(-9) - (-7)/3. What is the remainder when b is divided by (7 - (0 + -2)) + w?
10
Suppose -o + 48 = -5*g, 4*o = -5*g + 71 + 46. What is the remainder when o is divided by 17?
16
Suppose -94 = -2*z - 0*z. Let x = 10 - 7. Suppose 44 + 4 = x*p. Calculate the remainder when z is divided by p.
15
What is the remainder when 35 is divided by 6 + 4 + (1 - -1)?
11
Let z be -3*(-2)/(-4)*-2. Suppose 4*x = z*x + 59. Calculate the remainder when x is divided by 20.
19
Suppose -5*f = -1 + 11. Let c = 96 + -68. Calculate the remainder when c is divided by (f - 1)/1 - -18.
13
Suppose 20*d - 584 = 12*d. Let v(h) = 3*h**3 - 3*h**2 + 3*h - 3. Calculate the remainder when d is divided by v(2).
13
Let y = 20 - 2. Suppose 0 = r + 3*s - 22, r - y = -0*r - 2*s. Calculate the remainder when 1 + -2 - 1*-19 is divided by r.
8
Suppose h = -4*h, -3*h = -4*k + 88. What is the remainder when 62 is divided by k?
18
Let v(x) = 4*x**2 + 2*x - 1. What is the remainder when v(-2) is divided by 1417/78 + -11 - 1/6?
4
Let l(o) = o - 9. What is the remainder when 7 is divided by l(11)?
1
Let q be ((-24)/20)/(2/(-15)). Suppose -3*s + 6 = -q. Calculate the remainder when 9 is divided by s.
4
Suppose 0 = -2*j - 2 + 46. What is the remainder when 82 is divided by j?
16
What is the remainder when (0 - -1)/(3/129) is divided by 23?
20
Suppose h - 5*z = 16, h - 4*z = 3*h - 102. What is the remainder when h is divided by (21/(-12))/(1/(-12))?
20
Suppose -5*i + 44 = -111. Let s(h) = -h + 11. Let k = 0 + 0. Calculate the remainder when i is divided by s(k).
9
Let i(c) = -6*c - 4. Suppose u - 5 = -0*u. Let s be i(u). Let y = -21 - s. Calculate the remainder when y is divided by 5.
3
Let y be (-8)/(-6)*3*7. Suppose 5 = s + 2. Suppose s*j - y = j. Calculate the remainder when 27 is divided by j.
13
Let l(i) = 8*i**2 + i + 1. Let u(w) = w - 7. Let d be u(6). Suppose 0 = -6*o + o - m + 66, o - 2*m - 22 = 0. What is the remainder when o is divided by l(d)?
6
Let w = 101 + -86. What is the remainder when 43 is divided by w?
13
Let k(h) = h**3 + 7*h**2 - 10*h + 4. Let l be (-22)/3 - (-6)/(-9). Let n(s) = -s**3 + 2*s**2 + 2*s - 1. What is the remainder when k(l) is divided by n(-2)?
9
Let u(d) = -2*d**3 - 2*d**2 + 1. Let f be u(-1). Let i(z) = 14*z**2 - 2*z + 1. What is the remainder when 38 is divided by i(f)?
12
Suppose -5*z - 2*k + 36 = 0, -5*k - 3 = -4*z + 6. What is the remainder when (-2)/3 - 106/(-6) is divided by z?
5
Suppose 8 = 2*u - 0. Suppose -u*m + 0*m = -24. Calculate the remainder when 17 is divided by m.
5
Let r(t) = t**2 + 27*t - 66. Let a(k) = 8*k + 1. What is the remainder when r(-30) is divided by a(1)?
6
Suppose 2*b + 2*l - 90 = 0, 5*l = 4*b - 0*l - 144. Let s = 171 + -160. Calculate the remainder when b is divided by s.
8
Let j = 0 + 12. Calculate the remainder when 33 is divided by j.
9
Let d = 29 - 12. Let q(l) = -l**2 - 5*l + 6. W